55349 a prime number?
True
Is 9970397 prime?
True
Is 99034417 prime?
True
Is 27993291 composite?
True
Is 62539261 composite?
False
Is 9666533 prime?
True
Is 3546923 prime?
False
Is 25384943 a composite number?
True
Is 3018797 composite?
True
Is 112986719 composite?
False
Is 631307 a composite number?
False
Is 22798429 a prime number?
False
Is 1892539 a prime number?
False
Is 50140733 a prime number?
False
Is 1551779 prime?
False
Is 115060397 a composite number?
True
Is 617027 composite?
False
Is 1056911 composite?
False
Is 3840923 prime?
True
Is 2181533 a prime number?
False
Is 45723497 a prime number?
False
Is 23511989 composite?
True
Is 106439027 a prime number?
False
Is 1971107 prime?
True
Is 8042371 a prime number?
True
Is 508129 prime?
True
Is 391847 composite?
False
Is 10202287 composite?
True
Is 58174881 prime?
False
Is 175173 composite?
True
Is 4015729 a prime number?
True
Is 5471443 a prime number?
False
Is 7173347 prime?
True
Is 116360581 a composite number?
False
Is 120931223 composite?
True
Is 6791503 composite?
False
Is 6165197 a composite number?
True
Is 135875413 prime?
True
Is 18993167 prime?
False
Is 330983 a composite number?
False
Is 98831053 a prime number?
True
Is 537083 a composite number?
True
Is 14096006 a prime number?
False
Is 67813271 composite?
False
Is 2131291 prime?
True
Is 5275373 a prime number?
True
Is 9899119 a prime number?
True
Is 1050389 composite?
True
Is 985811 prime?
False
Is 80911195 composite?
True
Is 2707213 a prime number?
True
Is 328853671 a composite number?
True
Is 250993 composite?
False
Is 5319757 a composite number?
False
Is 4332873 composite?
True
Is 38565833 a composite number?
True
Is 1141487 composite?
True
Is 45348389 a composite number?
True
Is 33715739 a composite number?
False
Is 135110705 a composite number?
True
Is 14252947 a composite number?
True
Is 1406351 a prime number?
True
Is 33624349 prime?
False
Is 538326665 prime?
False
Is 8792789 composite?
True
Is 147444007 a composite number?
True
Is 5199503 a prime number?
True
Is 12558139 composite?
True
Is 849557897 composite?
False
Is 1988057 composite?
False
Is 513309 composite?
True
Is 62066761 prime?
False
Is 15262469 a composite number?
False
Is 76245401 prime?
False
Is 1308647 a composite number?
False
Is 8564723 a prime number?
False
Is 35238871 a prime number?
False
Is 25798453 a composite number?
True
Is 182677163 a composite number?
False
Is 45358361 composite?
False
Is 14154821 a composite number?
True
Is 1553957 a composite number?
True
Is 28781647 a composite number?
False
Is 75217889 prime?
False
Is 473573 composite?
True
Is 4269999 composite?
True
Is 842143 a prime number?
False
Is 5880229 a prime number?
True
Is 3018073 a composite number?
True
Is 26831071 composite?
False
Is 12551339 composite?
False
Is 434965369 a composite number?
True
Is 36126971 a prime number?
False
Is 1585937 composite?
False
Is 156217 prime?
True
Is 233417759 composite?
False
Is 576812917 a prime number?
False
Is 46280257 prime?
False
Is 197871143 composite?
True
Is 89312123 prime?
False
Is 2256545 a composite number?
True
Is 346471171 a prime number?
True
Is 2800373 a prime number?
True
Is 79155231 composite?
True
Is 97412297 prime?
False
Is 21800045 prime?
False
Is 14450701 a prime number?
False
Is 62009153 a prime number?
True
Is 7440193 a prime number?
False
Is 44208377 a composite number?
True
Is 309433 a composite number?
False
Is 1598447 a composite number?
False
Is 184223321 a prime number?
False
Is 11323646 composite?
True
Is 5115301 composite?
False
Is 6394709 a composite number?
False
Is 31690531 a prime number?
False
Is 90731099 composite?
True
Is 15504089 a composite number?
False
Is 167796835 composite?
True
Is 80848067 a prime number?
True
Is 2827807 composite?
True
Is 1639381 a composite number?
False
Is 26942793 a prime number?
False
Is 2357119 a prime number?
True
Is 71435773 composite?
True
Is 11643209 a composite number?
False
Is 86880327 prime?
False
Is 13451 prime?
True
Is 43721 a prime number?
True
Is 48306149 a composite number?
True
Is 426086 a composite number?
True
Is 586339799 prime?
True
Is 16670957 prime?
True
Is 50045665 composite?
True
Is 13168057 prime?
False
Is 7142143 a composite number?
True
Is 26906329 a prime number?
False
Is 1702313 composite?
False
Is 40265317 a prime number?
False
Is 2117119 a composite number?
False
Is 33412331 composite?
False
Is 123020309 composite?
False
Is 5165387 a composite number?
False
Is 103103887 prime?
False
Is 167619013 a prime number?
True
Is 571462597 a composite number?
False
Is 1689393 prime?
False
Is 426425947 prime?
False
Is 16448117 prime?
False
Is 447173999 a prime number?
True
Is 138777458 a prime number?
False
Is 10413289 composite?
True
Is 16994047 a prime number?
False
Is 10330603 a prime number?
True
Is 13631707 composite?
False
Is 196991 a composite number?
False
Is 22196999 prime?
False
Is 102710539 a composite number?
True
Is 3413567 prime?
True
Is 75775291 a composite number?
True
Is 279221 composite?
False
Is 16978831 composite?
False
Is 3997429 prime?
False
Is 11534147 a composite number?
False
Is 99949429 prime?
True
Is 45552755 a prime number?
False
Is 8744405 a composite number?
True
Is 489872659 a composite number?
False
Is 197165459 prime?
False
Is 414267787 composite?
True
Is 34342855 prime?
False
Is 64807957 a composite number?
True
Is 135173 a prime number?
True
Is 57773 a prime number?
True
Is 9150059 prime?
False
Is 615487 prime?
False
Is 97857299 a prime number?
False
Is 15106879 a composite number?
True
Is 1500275497 a prime number?
False
Is 8382443 a composite number?
False
Is 7842119 a composite number?
False
Is 3271657 prime?
True
Is 3755359 a prime number?
True
Is 84000479 a composite number?
True
Is 4470805 prime?
False
Is 3438979 composite?
False
Is 7248183 composite?
True
Is 384074137 a composite number?
False
Is 12680153 composite?
True
Is 107546639 a prime number?
True
Is 1999957 prime?
True
Is 119023193 a prime number?
False
Is 427148583 a prime number?
False
Is 19262273 a prime number?
False
Is 28727801 a composite number?
False
Is 20905679 a prime number?
True
Is 112686803 a composite number?
False
Is 3573247 a prime number?
False
Is 17926769 a composite number?
True
Is 304493 composite?
True
Is 14668999 composite?
False
Is 986189 a composite number?
False
Is 30508831 prime?
False
Is 74327087 a composite number?
True
Is 78974111 prime?
False
Is 11654798 a prime number?
False
Is 5229209 composite?
True
Is 131564679 a prime number?
False
Is 23559179 composite?
True
Is 9153237 a composite number?
True
Is 7920443 a prime number?
True
Is 277787 a prime number?
True
Is 2138623 prime?
True
Is 220333559 composite?
False
Is 1011223 prime?
False
Is 23166887 a composite number?
True
Is 1825048951 a prime number?
False
Is 81477573 composite?
True
Is 316980253 a prime number?
False
Is 29392141 prime?
True
Is 20566561 a composite number?
True
Is 1099399 composite?
True
Is 4507619 composite?
False
Is 830549 a prime number?
True
Is 108086267 composite?
True
Is 659524207 composite?
False
Is 45372023 a prime number?
False
Is 113521 a prime number?
False
Is 14622791 a composite number?
False
Is 3649459 composite?
True
Is 10894427 composite?
False
Is 1533171 prime?
False
Is 1561106 prime?
False
Is 195397733 prime?
True
Is 422215891 a prime number?
False
Is 2156659 a composite number?
False
Is 5128153 a prime number?
True
Is 15463211 a composite number?
False
Is 106057627 a composite number?
True
Is 3776401 a prime number?
False
Is 2303173 a prime number?
True
Is 367764121 a prime number?
True
Is 76418789 a composite number?
True
Is 16759283 a prime number?
False
Is 2162497 a prime number?
True
Is 1539347 a composite number?
False
Is 2535529 a prime number?
False
Is 195307667 prime?
False
Is 405179 prime?
True
Is 476327 a composite number?
True
Is 2483 prime?
False
Is 17247119 a composite number?
False
Is 8939783 a prime number?
False
Is 5633 a prime number?
False
Is 23384059 composite?
True
Is 265248473 composite?
True
Is 87575681 composite?
False
Is 136760023 prime?
True
Is 14150641 a composite number?
False
Is 2292691 a composite number?
False
Is 840803 prime?
False
Is 5436433 composite?
True
Is 13067651 composite?
False
Is 97853219 a composite n